+ 3*w + 11, -4*g + j = -4*w. Suppose -g*a = -3 - 177. Calculate the remainder when a is divided by 23.
22
Suppose -5*y = -7*y - 52. Let m = 38 + y. What is the remainder when 35 is divided by m?
11
Let m(i) = -4*i**3 + 4*i. What is the remainder when m(-2) is divided by 9?
6
Let b(j) = j**3 + 7*j**2 - 5*j + 7. Let c be b(-5). Let r = -56 + c. Let l(x) = -x + 3. Calculate the remainder when r is divided by l(-6).
8
Suppose 0*j + 18 = 2*j. Suppose 0*q = -t + q + 27, -6 = 2*q. What is the remainder when t is divided by j?
6
Calculate the remainder when ((-68)/16)/(5/(-100)) is divided by 22.
19
Suppose -5*r + 1053 = -2*r. Let q = r - 156. Suppose q = -0*x + 5*x. What is the remainder when x is divided by 10?
9
Suppose -240 = -5*c - 25. Let f(l) = l**2 - 5*l - 9. Calculate the remainder when c is divided by f(8).
13
Calculate the remainder when 9 is divided by (-43)/(-7) + (-2)/14.
3
Suppose -5*v + 1 = -9. Suppose 0 = -4*o + 5*c - v*c + 20, 3*o = -2*c - 2. What is the remainder when o is divided by 1?
0
Let r(o) = -20*o - 2. Suppose 2*n = 2*u - 0*n - 26, 2*n = -2*u + 14. Calculate the remainder when r(-2) is divided by u.
8
Suppose 0*s - s = -18. Calculate the remainder when 32 is divided by s.
14
Suppose 0 = -3*c + 4*g + 149, 2*g + 0*g - 104 = -2*c. Calculate the remainder when c is divided by 18.
15
Let z(v) = v + 4. What is the remainder when (-5)/(30/24) - -17 is divided by z(3)?
6
What is the remainder when 19 is divided by ((-20)/6)/((-10)/15)?
4
Let i(t) = t + 2. Let p be i(1). Suppose -h + 21 = 3*j, 4*j + 0*h - 23 = -p*h. What is the remainder when 23 is divided by j?
7
Suppose c - 146 = 3*s, -c = 3*s - 102 - 20. What is the remainder when c is divided by 46?
42
Suppose 0 = 16*t - 12*t - 100. What is the remainder when 72 is divided by t?
22
Let s be 0 - (-16)/(3 + 1). Suppose -s*o - 2*r + 72 = 0, -2*o - r = -2*r - 44. What is the remainder when o is divided by 11?
9
Suppose 0 = -z + 2*z. Suppose 5*r - o - o - 59 = 0, z = 5*r - 3*o - 61. Calculate the remainder when 32 is divided by r.
10
Let b = -119 - -156. Calculate the remainder when 70 is divided by b.
33
Let l(y) = y + 4. What is the remainder when l(5) is divided by 3?
0
Let h be (-45)/(-15)*8/(-6). Let p = h - -11. Calculate the remainder when 26 is divided by p.
5
Suppose j - 3*b + 2 = 0, -3*j + 0*b + 54 = 3*b. What is the remainder when 50 is divided by j?
11
Suppose 0*t = -3*t - 3*m + 261, 10 = -2*m. Suppose -a - 2*d + 5*d = -117, -t = -a - 2*d. Calculate the remainder when a is divided by 26.
24
Suppose -y + 10*y - 63 = 0. Calculate the remainder when 27 is divided by y.
6
Suppose 5*l + 0*l - h = 80, 48 = 3*l + 2*h. Suppose 2*a - p = -6*p + 24, -4*p = -l. Let d(y) = y**2 + 6*y + 3. What is the remainder when d(-6) is divided by a?
1
Suppose 0 = -9*z + 4*z. Suppose -5*t + 23 + 52 = z. What is the remainder when 29 is divided by t?
14
Let a(i) = -6*i + 1. Let f be a(-2). Suppose f = -3*w - 5*u, -5*u + 5 = -w - 6. Let h = w - -10. Calculate the remainder when h is divided by 3.
1
Let l be (4 - 3)*(3 - 1). Suppose 0 = j + 1, l*d - 4*j = d + 14. What is the remainder when 27 is divided by d?
7
Let k = -21 + 27. What is the remainder when 21 is divided by k?
3
Let z(f) = -f**3 + 3*f**2 + 4*f + 5. What is the remainder when z(-3) is divided by 24?
23
Let m = -1 - -1. Let f be 0/(m + -1) + -2. Calculate the remainder when (-1)/(((-4)/(-22))/f) is divided by 4.
3
Let k(a) = a**3 + 10*a**2 + 8*a + 6. Suppose 0 = -3*o - 5*f - 37, -2*o - f - 4*f = 28. What is the remainder when 43 is divided by k(o)?
13
Let w = 72 + -60. Calculate the remainder when 107 is divided by w.
11
Let x = 31 - -35. Suppose x = 3*n + 6. Suppose 4*f + 0*f - 3*d - 137 = 0, 4*f = -2*d + 162. Calculate the remainder when f is divided by n.
18
Suppose 5*t - 9 = -2*b + 5, -4*b + t = -50. Let j(w) = -36*w - 1. What is the remainder when j(-1) is divided by b?
11
Suppose -3*j + 38 = 20. Calculate the remainder when 7 is divided by j.
1
What is the remainder when ((-72)/20)/((-2)/5) is divided by 5?
4
Let s(y) = -y**2 + 10*y + 8. Let z be s(11). What is the remainder when 25 is divided by -3 - (-10 + z - 3)?
12
Suppose -4*s + 2*s = -5*p + 50, -15 = 3*s. Calculate the remainder when 22 is divided by p.
6
Suppose 3*k + 4*d - 83 = 0, -k + 2*d = 4*k - 147. Let o(v) = v**2 - v - 30. Let g be o(0). Let q = -15 - g. What is the remainder when k is divided by q?
14
Calculate the remainder when (-1 - 1)/(4 + (-222)/55) is divided by 14.
13
Let c = -8 - -81. Calculate the remainder when c is divided by 25.
23
Suppose 4*c - 38 = -0*c + 2*x, 4*x - 4 = 0. What is the remainder when 36 is divided by c?
6
Let x(l) = l + 4. Calculate the remainder when 5 is divided by x(0).
1
Suppose -4*d - 17 = -93. What is the remainder when d is divided by 8/(-4) + 3 - -9?
9
Let v(t) = -3*t**2 + 3*t - 4. Let z be v(-5). What is the remainder when 19 is divided by (-6)/(-21) - z/14?
5
Let n = 45 - 8. What is the remainder when n is divided by 22?
15
Let j = -32 - -53. Calculate the remainder when 42 is divided by j.
0
Let u = 1 - 1. Suppose 0 = -u*x + 3*x. Suppose -54 = -x*h - 3*h. What is the remainder when 52 is divided by h?
16
Let v be -7 - (1 + 0 + -3). Let a(s) = s**3 + 5*s**2 - 3*s + 6. Calculate the remainder when a(v) is divided by 12.
9
Suppose m - 5 = -0*m + p, -3*m - 3*p = -15. What is the remainder when 48 is divided by m?
3
Let o(h) = h**2 - 12*h + 7. Let k be o(11). What is the remainder when 8/k*98/(-4) is divided by 26?
23
Suppose 6 = -0*q + 2*q, 3*q - 17 = -2*s. Suppose 2*d - 2*o - 134 = -2*d, 3*d + s*o - 95 = 0. Let f = d - 17. What is the remainder when 30 is divided by f?
14
Calculate the remainder when 44 is divided by (-1 - -4)*(-5 - -9).
8
Let o(z) = -z**3 - 5*z**2 + z + 1. Let c be o(-4). Let u = 31 + c. What is the remainder when 33 is divided by u?
9
Let j(g) = 3*g - 3. Calculate the remainder when j(11) is divided by 13.
4
Let l = 187 + -82. Suppose 2*o - 7*o + l = 0. Calculate the remainder when 82 is divided by o.
19
Suppose 189 = 4*c - 547. Calculate the remainder when c is divided by 31.
29
Let s = -11 + 20. Let d(r) = 4*r + 12. Let t be d(11). Let g = t - 39. Calculate the remainder when g is divided by s.
8
Suppose 0 = 2*v + 3*q - 106, -4*v + 2*q + 0*q = -180. Suppose -11*g + 7*g = 0. Suppose g*m - 16 = -m. Calculate the remainder when v is divided by m.
15
Let q(s) = -2*s - 32. Calculate the remainder when 6 is divided by q(-18).
2
Let m = -2 + -4. What is the remainder when (-345)/m - (-2)/4 is divided by 20?
18
Suppose -m + 2*p = -2*m + 32, 20 = m - 2*p. What is the remainder when 124 is divided by m?
20
Let f = 41 + -21. Suppose 7 - 16 = -3*a. Suppose n - a*n = -f. What is the remainder when 19 is divided by n?
9
Let z(v) = -v**2 - 20*v - 30. Suppose 18 = 3*l - 6. What is the remainder when z(-17) is divided by l?
5
Let h(u) = u**2 + u - 1. Let n be h(-2). Let r be ((-12)/(-16))/(n/4). Suppose -r*o + 13 = -2. What is the remainder when 9 is divided by o?
4
Suppose -3*u - 382 = -4*l + 438, 196 = l - 3*u. Calculate the remainder when l is divided by 54.
46
Let z(m) = -m**3 - 8*m**2 - 4*m - 8. What is the remainder when 67 is divided by z(-8)?
19
Suppose 0 = j - 3*j + 322. Calculate the remainder when j is divided by 18.
17
Let u = 8 - 6. Let q be -3 - -1 - -3*u. Suppose -5*p + q*p + 10 = 0. What is the remainder when p is divided by 6?
4
Let s = 52 - 23. What is the remainder when s is divided by 6?
5
Suppose -7*r = -2*r - 185. Calculate the remainder when r is divided by 14.
9
Suppose 0 = -5*i + 11*i - 78. What is the remainder when 23 is divided by i?
10
Let y(z) = 9*z - 7. Let b = 17 - 31. Let g be (-132)/(-21) - (-4)/b. Calculate the remainder when y(g) is divided by 16.
15
Suppose -22 = -5*v + 3. Suppose 0 = -v*p + p + 8. Suppose -b + 13 = -p. What is the remainder when 44 is divided by b?
14
Let l(v) = 2*v + 8. Let f = 6 + 1. Calculate the remainder when l(f) is divided by 8.
6
Let m = -8 - -16. Let l(o) = -11*o - 24. What is the remainder when l(-5) is divided by m?
7
Suppose -18 = -5*v + 2*v. Suppose h - v*h + 70 = 0. Calculate the remainder when 26 is divided by h.
12
What is the remainder when (-36)/15*-1*(-70)/(-3) is divided by 29?
27
Let k be -1*(2 + -2 - 1). Let t be k + (-2 - 4/(-1)). Suppose 5*l - 